5 - -14.
-8
(2 - -1 - 13) + 1 + 11 + -5
-3
Evaluate (8 - (-8 - (7 - 7))) + 3 + -6.
13
(-63 - -67) + 0 + 7
11
Calculate 2185 + -2230 + 51 + 0.
6
Calculate -20 + 171 + -176 + -1 + (9 - 0).
-17
What is -6 + 2 + (-13 - (-4 + 1)) + 2?
-12
What is the value of 0 + 3 + 6 + -11?
-2
What is the value of -7 + (8 - (7 + (-1 - 5))) - 7?
-7
What is -33 + 32 - (4 - ((1 - -4) + 4))?
4
What is -13 - (-5 + -15 + 5)?
2
Calculate -8 + (28 - 1 - (20 - -5 - 17)).
11
4 + (3 - (3 - (1 + 0))) + 2
7
What is the value of (0 - -6) + (7 + (-22 - -8) - -2)?
1
(-310 - -327) + (1 - 0)
18
Evaluate -20 + 15 + -3 + 5 + 1 + -3.
-5
Evaluate -48 + (-21 - (7 + -53)).
-23
Evaluate -3 + -21 + 15 - (-3 + -16).
10
Calculate 0 - (14 + (6 - 15 - -7) + 3).
-15
What is the value of -53 + 16 + (40 - 7)?
-4
Calculate 1 + -3 + 2 + (-147 - -145).
-2
Evaluate 1 + -1 - (4 - (-6 + (-4 - -16))).
2
13 - (-7 - (-12 + -15))
-7
Evaluate (8 - (25 + -9) - -16) + 6.
14
What is (-7 - 1) + (-7 - (0 + -15))?
0
Evaluate (-22 - -23) + -15 + 3 + (-7 - -3).
-15
Calculate 6 + 2 + (-272 - -277).
13
What is -31 - -27 - (3 + 0 + -12)?
5
What is the value of -34 + (0 - -8) + -8 - (-5 - -3)?
-32
Calculate -25 - (8 - 7 - 17).
-9
-3 + (15 - (1 - -54 - 14))
-29
10 + (-494 - -487 - (-1 - 0 - -4))
0
-14 - (-12 + -12 - 2)
12
Calculate 6 + (10 - -3) - -5.
24
What is the value of -103 - -115 - (-2 + -1)?
15
(2 + -7 - -19) + (-11 - -2)
5
0 + -29 - (21 + -29 + 6)
-27
What is 3 - 1 - (-25 + 37 - 22)?
12
12 + 2 + 11 + 15 + -16
24
(-67 + 60 - (3 + 2)) + 3
-9
Evaluate (1 + 4 + -2 - -7) + 95 + -98.
7
Evaluate -59 - (-47 - 22) - (9 - 2 - -3).
0
4 - (3 + -1) - (31 - 27)
-2
What is 14 + (9 - 15) + -12 + -3 + -3?
-10
Evaluate -61 + 47 + (2 - -2).
-10
Evaluate 8 - ((8 - 2) + -1 + 39 + -24).
-12
What is 3 + -23 + -6 + 24?
-2
Calculate -5 - ((17 - 0) + (25 - 32) - 44).
29
What is -24 - -40 - 13 - (-15 + -1)?
19
What is the value of 2 + 8 + 0 + 2 - 12?
0
-2 + (19 - (19 + -14))
12
Evaluate 0 - -1 - ((-3 - (5 - 3)) + 0).
6
What is -10 + 12 - (1 + -4 - -10)?
-5
Calculate (1 + (-1 - 0) - -5) + -5.
0
-25 - (-7 - 4) - -38
24
What is 14 - (25 - (0 + (-2 - 7)))?
-20
What is the value of 32 - 67 - (-20 + 5)?
-20
(-5 - (-15 + 5)) + -22 + 22
5
What is the value of -36 + 3 - (-47 - -3)?
11
Calculate -10 - ((5 - -24) + -40).
1
Evaluate (-6 + (-6 - -18) - 3) + 6.
9
-150 + 137 - (-6 - -3 - 5 - 1)
-4
(-1 - -1) + (-10 - ((19 - 12) + -20))
3
What is (-9 - -10 - 1) + -26 - (-6 + -2)?
-18
What is the value of (1 - 17 - (-18 + 6 + 6)) + 5?
-5
Calculate -17 - -20 - (-6 - (-3 + 2)) - 13.
-5
What is the value of (12 + -28 + -17 - -16) + -3?
-20
Evaluate (4 - (7 + (2 - -1) + -2)) + 6.
2
(-1 - -19) + 1 + -15
4
Calculate 21 + -19 + 4 + 1 + -1 + -3.
3
Calculate 12 - (-19 + 3 + 2) - 16.
10
Calculate -30 + 23 - (-16 + (-1 + -1 - -5)).
6
-5 + (1 + -8 - (-3 - 2))
-7
What is -15 + -1 + (-3 - -12)?
-7
Calculate (-2 + -6 + 13 - 4) + 10 + -4.
7
Evaluate -6 - (1 - 2 - 4).
-1
What is -24 + 26 - (-43 - -14) - (12 - 1)?
20
What is -10 + (-33 - -28) + (1 - -10)?
-4
Calculate -53 - -30 - 15 - -22.
-16
What is the value of (-196 - -215) + (1 - 26)?
-6
What is the value of 1 - -6 - 2 - (60 + -49) - -2?
-4
Calculate -26 + -5 + (16 - -1).
-14
Evaluate -128 + 113 + 1 + -2 - 4.
-20
What is the value of (-17 - -26 - 18) + (2 - -2) + 3?
-2
-24 + (-24 + 14 - -26)
-8
What is the value of 12 - 10 - (8 + 0) - (1 + 3)?
-10
(5 + 0 - (-1 - -9) - -2) + -17
-18
What is (28 - 17 - (-7 - -23)) + -17?
-22
Calculate -3 + (2 - 18) + (-116 - -104).
-31
581 - 574 - (1 - 5)
11
What is (-479 - -444) + 35 + 0?
0
-1 - (-2 + 20) - (-7 - (-40 + 32))
-20
Evaluate 18 + 1 + -18 - -21.
22
What is 9 + 2 + -3 - 12 - -3?
-1
(-27 - (-8 + -15)) + (1 - -1)
-2
What is the value of 14 + 0 - (-6 + 24 + -9 - 5)?
10
-2 + 2 - 4 - -6 - 12
-10
Calculate -1 + 20 - (-1 + 28 + -22).
14
What is the value of 8 + (-4 - (-7 - (-16 + -2))) + 0?
-7
5 + -9 + 4 - (-9 + 6 + -7)
10
What is the value of 1 + (5 + -5 - (-3 + 4))?
0
-24 + 0 + (-12 - -7 - -16)
-13
What is 4 - -1 - ((29 + -30 - -30) + -20)?
-4
Evaluate 1 + -5 + 0 + 276 + -272 - -4.
4
8 + (-21 - (-5 + -5 - -3))
-6
Evaluate (-1 - 8) + -13 + -20 + 40.
-2
Evaluate -106 + 113 - (-2 - (2 - 20)).
-9
(2 - -7) + (3 - (1 + 10) - -13)
14
(10 - (-10 + -2 + 4)) + 2
20
Calculate 26 + -92 + 51 - (1 - 22).
6
Evaluate 12 - (5 - (14 - 12)).
9
What is (13 - 10) + (2 - 3) + 5 + 16?
23
1212 + -1170 + (0 - 24)
18
Evaluate -17 + -15 + 10 + 4 + 0.
-18
(-7 - 0) + (5 - -14)
12
Evaluate 6 + -48 + (-6 - (-3 + -19)).
-26
(-9 - (5 - 5)) + 14 + -3
2
Calculate 19 + 0 - (22 - -5).
-8
Evaluate (-13 - -13) + -68 + 87.
19
What is -15 + (14 + -29 - -31)?
1
Calculate -17 + 19 + (-12 - -2).
-8
300 - 317 - (6 - 0)
-23
Calculate 0 - (1 - 8 - 0 - (164 - 170)).
1
What is 1 - (-6 + 2) - (2 - 0)?
3
Calculate (25 - 1) + (-3 - (-6 - -10)) + 5.
22
Calculate 0 - (-15 + -1 + -5 + 18).
3
Calculate 17 + -1 + (-2 - 4).
10
6 + (-8 - -10) + 3 + -1 + -14
-4
Evaluate -35 - (7 + 0) - -21.
-21
What is the value of (10 - 15) + -12 - (2 + -10) - -3?
-6
-5 - (-4 - -17 - (8 + 40))
30
Calculate (4 - (9 - (2 - (0 + -4)))) + -4.
-3
Evaluate -40 + (7 + (-2 - -4) + 1 - 1).
-31
What is the value of 15 - (-91 + 90 + (-1 - 2))?
19
What is the value of -204 + 205 + -3 + -1 + 2 + -9?
-10
What is the value of 2 + (-6 - -11) + 0 - (-7 - -1)?
13
-6 - (-6 + (6 - 3)) - (-2 + 8)
-9
Evaluate -8 + 8 + -16 + 16 - 11.
-11
-25 + 20 - 22 - -16
-11
What is the value of (37 - 0) + (-9 - (-9 + -11 + 19))?
29
Evaluate (61 - 61) + -1 + -2.
-3
What is 11 + (1 - 0) - (24 - (-19 - -37))?
6
What is the value of -1 + 0 - (-11 - (-1 - -2))?
11
-3 - (-4 - (-11 + 14 + -3))
1
Evaluate (12 - 8) + (1 - -4) + (-6 - 0).
3
-11 - (3 + (-6 - (19 + -6)))
5
What is -9 + (23 + -8 - 20) - (0 + 6)?
-20
-22 + (30 - (23 - 7))
-8
What is the value of (-2 - 11) + -1 + -2 + 0 + 2?
-14
Calculate 4 - (5 - -14) - -4.
-11
What is 2 - -9 - (-2 - -11 - (-94 - -102))?
10
Calculate 21 + 4 + -11 + -25.
-11
What is 18 - (2 + 1 + -7 + 10) - 6?
6
What is 7 - (-1 - (-20 - 8))?
-20
(-23 - (18 - 49)) + 1
9
Calculate -24 - (-15 - -36) - -13.
-32
What is the value of -11 + 13 + (-6 - -18) + -3?
11
Evaluate -151 - -166 - (0 - -18).
-3
Calculate -8 + (5 - 5) + 10 + -1.
1
Evaluate (-7 - (4 + -6) - -1) + (4 - -7).
7
What is (119 - (33 - -77)) + 3 + -1 + 0?
11
What is 6 + -9 + 2 + -5 + 1 + 5?
0
4 - (3 - (1 - (-20 - -7)))
15
Evaluate -9 + 12 + 11 + -8 + -1.
5
Calculate 7 + -5 + 1 + 1 + -2.
2
Calculate 2 + -2 + -1 + (-9 - 4 - 1).
-15
What is (-32 + 11 - -29) + -8?
0
What is the value of (98 - 97) + (4 - 8 - -4) + -13?
-12
Evaluate -2 + -8 - ((11 - (9 - -10)) + 18).
-20
-3 + -5 + 10 + 11 + -15
-2
Calculate -4 + 2 + -6 - -1 - (-6 - 1).
0
-21 - ((-35 - -13) + 8)
-7
What is 6 + 32 + -11 + -8 + 0 + 1?
20
-49 - -52 - ((-2 - -4) + (0 - -4))
-3
What is the value of (-2 - -13) + (-1 + 4 - (-4 + 10))?
8
What is 11 - (-6 + 16 + 0 - 5 - -2)?
4
((11 - 8 - 1) + 1 - 32) + -10
-39
8 + (-1 - 0) - (-176 + 386 - 209)
6
What is -24 - -4 - (-4 - (35 - 25))?
-6
Calculate -1 - -9 - (6 - ((-27 - -12) + 28)).
15
What is the value of (-2 - -4) + 11 - (6 + (-19 - -13))?
13
Evaluate -1 + 3 - (-1 - -10 - (44 + -37)).
0
5 + -2 + -1 + 116 + -108
10
What is 14 + 17 + (-62 - -10 - 9)?
-30
What is -4 + (-2 + 0 + -7 - -15)?
2
Calculate -13 + 22 + 4 + -14.
-1
What is -1 - -5 - 5 - -9 - 1?
7
What is (5 + 10 - 0) + -7 + -34?
-26
What is the value of 1 + -10 + (-10 - (14 - 26))?
-7
What is the value of -28 + 53 + -26 - (1 - 16)?
14
(-11 - -13 - 7) + 13
8
What is -16 + 8 + 36 + -15 + 0?
13
Evaluate 11 - (-12 + 33 + (-2 - -11)).
-19
What is the value of (1 - -9 - 2) + (-4 - -9)?
13
What is (-324 - -343) + (-1 - -3)?
21
What is (-3 - -1) + 10 - (-6 - -1)?
13
What is the value of (-19 - (-65 - -34)) + -35?
-23
What is (5 - 19) + -10 + 16?
-8
Evaluate -6 - (0 + -2 + 3 + 1).
-8
What is the value of (-55 - -24 - 7) + 36?
-2
Calculate (-6 - (1 - (31 + -5))) + -8.
11
Calculate -112 + 92 - (3 + -1) - (0 - -1).
-23
What is the value of -24 + -5 + 5 + (-7 + 14 - 1)?
-18
Evaluate 1 - (3 - (3 + -8)) - -2.
-5
What is the value of 19 + -33 - (-11 - -10)?
-13
What is (-24 - (4 + -9)) + 33?
14
Calculate 48 - (37 - (-42 + 68)).
37
(8 - (22 - -1 - 9)) + 1 + 1
-4
Evaluate (16 - -8 - 14) + -12.
-2
-27 - ((-53 - -34 - (0 - 0)) + 10)
-18
(6 - (13 - 0 - 3)) + -2 + -1
-7
11 